328 - -354 - (166 + -9 + -3)
-128
What is the value of -140 - (126 - 242 - 12)?
-12
Evaluate 48 - (27 - (-37 - -57)).
41
What is the value of 5 + 7 - (-11 + -16 - -24)?
15
Evaluate (13 - -2) + 40 + 31 + -50 + 17.
53
Calculate 0 - -16 - -1 - (-55 - (12 + -63)).
21
What is (9 - 1) + -748 + 747 - 18?
-11
(12 - 6 - 12) + -65 - (142 - 150)
-63
What is -70 + 95 + -46 + (-36 - -39 - (2 + -1))?
-19
Evaluate 1 + -31 - ((14 - 20) + (10 - 2) + 0).
-32
-12 - (-6 - (6 - (34 - 3)))
-31
(20 - 2) + (232 - 248) + 3 + -13
-8
What is -318 - -182 - ((4 - -6) + -1 - 33)?
-112
0 + 5 + (-2 - -2) + -3 + (-605 - -586)
-17
Calculate -82 + 121 - (76 + -31).
-6
Calculate 61 + 0 - (13115 - 13138).
84
What is 21 - (-9 + (7 - 7 - 2))?
32
-18738 + 18627 + (74 - -1)
-36
What is the value of (79 - -1) + (-149 + 136 - (-22 + 0)) + -11?
78
Evaluate (9 - 25) + (26 + 0 - -2) + (-7 - 3).
2
Evaluate (53 + 10 - 67) + 70.
66
-11 + (1 - (-16 + 4)) + -12 + 7
-3
What is the value of -1126 - -1169 - (1 + 55)?
-13
111 + (-87 - -17 - 95)
-54
-8 + (-1 + 29 - (-68 - -78)) + -23 + -8
-21
Calculate (-124 - 0) + -283 + (274 - -28).
-105
12 - (30 - -1 - (-25 + 51 + 4 + -26))
-15
What is 36 + (2 - -4 - 54)?
-12
Calculate -20 + -16 + (24 - 6) + (-25 - -7).
-36
(36 + -19 - (17 + 12 - 15)) + -59
-56
(0 - -97) + (-32 - ((6 - 16) + 22 + -35))
88
What is -2 + -225 + (13508 - 13357)?
-76
Evaluate 73 + -62 - (-15 - (1 - (0 + (0 - 0)))).
27
Evaluate 31 + (49 - (-36 + 74)).
42
Evaluate -88 - -124 - (4 + -8 - (-20 + 8)).
28
What is the value of 52 + 170 + -87 + (-1 - 16)?
118
What is the value of 3 + (15 + (-11 - -25) - 59)?
-27
What is the value of (171 - (-40 - -138)) + -152?
-79
What is -10 + 2 + -2 + (-8 - (-38 - -20))?
0
Evaluate (-61 + -168 - -85) + 127.
-17
Calculate (-25 - (-33 + 7)) + -29 + -23.
-51
0 + (20 - 19) + -34 + 102
69
Evaluate (23 - 12) + 22 - -26 - (3 - -7).
49
(44 + (3 - 18) - 78) + -10
-59
What is (44 - (8 + 73)) + 8?
-29
Evaluate (-64 - -82) + -70 + (4 - 15).
-63
Evaluate -31 - (-63 - (31 - 55)).
8
What is 328 + -354 - ((-1 - 2) + 4 - 9)?
-18
Evaluate (2 - (-1 + 14)) + (15 - 28).
-24
(-3 - -4) + (13 - 13) + (-6 - (18 + -4))
-19
What is 60 + (-3 - (4 - 15)) - 15?
53
Evaluate 12 + -8 + (45 + -87 - -23).
-15
What is the value of (-122 - -42) + (338 - 410)?
-152
What is the value of (24 - (-16 + 64 - 29)) + 0 + 32?
37
Evaluate (14 - -12) + -25 + (-109 - 18 - 1).
-127
What is the value of -10 - ((13 - (-3 - -6)) + (11 - -43) + 25)?
-99
What is 57 + (-15 - (29 + 4))?
9
Evaluate -113 + -62 + 78 - 18.
-115
What is 29 - (-25 + (-17 + 28 - 11))?
54
Evaluate 9 - -76 - (1 - -51).
33
(-498 - -455) + (-2 - 3)
-48
Evaluate -104 - (-63 + 65 - (13 - 4)).
-97
What is -34 + 3 - (2 + 43 + -155)?
79
What is the value of 25 + (-9 - 19) + 15 + -1 + -1 + -2?
8
What is (-39 - -95) + (-4 - 0 - (-25 + (-4 - -12)))?
69
What is -38 - (-10 + (-8 - -5) + (-4 - -7)) - -2?
-26
What is -12 + (108 - 76) + -2?
18
What is (23 - 5) + (-15 + 2 - -33 - 6)?
32
Calculate 150 + 139 + -300 + (1 - -69).
59
Evaluate -5 - (-12 + (14 - (5 + (-9 - -15)))).
4
Calculate (7 - -2) + (-137 - -141) + (1 - 24).
-10
What is the value of -5 + (3 - (-5 + (-15 - (-7 + 15))))?
26
Calculate (-2 - -6 - 7) + -5.
-8
Evaluate -412 + 266 + 65 + 0.
-81
(-4 - -1) + -54 - (475 + -518)
-14
What is the value of 99 + -26 + 11 + -2?
82
Evaluate -59 + (-29 + 11 - -8) - ((-7 - -10) + 7).
-79
What is (-8 - 0 - -8) + 8 - (-5 + 10) - 9?
-6
What is (-1 - -1 - (-4 + -49 + 1)) + (-76 - -76)?
52
Calculate (-446 - -444) + 23 + 0 + (4 - 1).
24
Evaluate (-3 + 16 - 9 - 20 - -17) + 104.
105
What is the value of 4 - (-269 + 247 - (-4 - -60))?
82
-12 - ((-15 - -2) + (-7 + -8 - 4))
20
Calculate 3 - 9 - (16 - (-19 - (17 - 4))).
-54
Calculate 1 + (-9 - (-14 + -9 + 26)) + 5.
-6
What is the value of (3 - 46) + 30 + -21 + -6 + -3?
-43
Evaluate 16 + (-10 + -1 + 2 - (411 + -436)).
32
What is 28 + -5 + 2 + 0 + 7 - -5 - -7?
44
What is the value of 16 + (22 - 0 - (46 - -41))?
-49
What is (-11 + 6 + 0 + 23 - 48) + 9?
-21
What is the value of 8 - ((3 - 6 - -2) + 4) - (805 + -746)?
-54
What is (-6 + -8 + 21 - (-3 + 14)) + (5 - 98)?
-97
What is the value of (23 - 94) + 21 + 109?
59
What is (-14 - 2) + 23 + -2 + 11 - (-24 - -159)?
-119
What is 24 - (-18 - -12 - (17 + (9 - 12) + -8))?
36
What is the value of 70 + -73 + 63 - (10 - 1)?
51
425 + -455 + (4 - 3)
-29
What is -10 + 1 - ((-13 - 24) + 44)?
-16
Calculate -2053 - -2107 - (46 + 1).
7
Evaluate -5 + 83 + (557 - 675).
-40
-1 - (-18 + -14 - -19 - 22)
34
What is the value of (10 - 1) + (-43 - -54 - (14 + -2)) + 2?
10
What is the value of (19 - (6 - -7)) + (-33 - -15)?
-12
What is the value of -3 + (-12 - (0 + -5 - 4)) + 4 + -28?
-30
What is (15 - 11) + -12 + 14 + 4?
10
What is the value of -6 + (51 - (-24 - -42)) + 15 + 2?
44
Calculate (232 - 225) + 15 + -8.
14
Evaluate -424 + 413 - (3 + (4 - 9 - 15)).
6
Evaluate 57 + (7 - (-15 + 1) - 4).
74
(-25 - -23) + -1 + (-2 + 27 + -5 - 8)
9
Evaluate -6 - (-3 + 2) - (-20 + 52 - 5).
-32
Evaluate 1 - 45 - (8057 - 8029).
-72
Calculate (2 - 1) + (-79 - ((-41 - -25) + -24)).
-38
-37 + 12 - (2 - -10) - (-2 - (-1 - 0))
-36
Calculate 6 - (19 - ((-7 - -2) + 7)) - (-28 - 60).
77
-2162 + 2145 - (-43 + 0)
26
-37 - (-39 - -56) - 9
-63
What is the value of (107 - 71) + 1 + 1 + -10?
28
Calculate -65 - ((104 - 122) + 48).
-95
What is the value of (5 - -10) + 1 - (-16 + 10 + -8 + 9)?
21
Evaluate 63 - 1 - (-34 - (-9 - 12)) - (-4 + 14).
65
93 + -34 + (45 - 62)
42
-1 - -2 - -5 - (-490 - -440 - (45 - 3))
98
Calculate 2 + -13 - ((-11 - -7) + -7) - (-66 - -1).
65
What is the value of -15 + 2 + (-1 - -3) + (-33 + 22 - -98)?
76
Evaluate 4 + (15 + (-49 - -14) - 21) + -18.
-55
Evaluate 10 + (20 - 20) + -43.
-33
What is -59 + 38 + (1 - 0) - -24?
4
Calculate 35 + (3 - (24 - 4) - -72).
90
Calculate 5 + (-6 - (9 + -4)) + -30.
-36
What is the value of 10 + (-22 - 6) + -24 - 2?
-44
Calculate 14 - ((15 - -26) + -17) - (-1 + -43).
34
7 + -21 - (645 - 684)
25
What is -8 + 16 + (-4 - 2) + (34 - 84) - -4?
-44
Calculate (-3 - 5) + -1 + (0 - 40) + -48 + 42.
-55
(-10 - (-60 + -11 + (-8 - -24))) + 13
58
What is -123 - -131 - ((3 - 63) + 3)?
65
Evaluate (4 - (-2 - (-1 - -65))) + (-37 - -18) + 28.
79
34 + (-42 - 14) + 56
34
What is the value of -3 + (156 - 176) + -19 + -2 - -10?
-34
What is the value of -44 + (18 - -72) + -60?
-14
-1 + (1 - (-123 - -1)) + (-77365 - -77362)
119
What is the value of 95 + 153 + -98 + -91?
59
What is the value of (-47 - -54 - 28) + 3?
-18
19 + (8 - 16) - 54 - (2 + 4)
-49
Calculate -5 + (35 - (11 - (-10 + 16 - -8))).
33
Evaluate 22 - ((-2 - -15) + (-11 - 3)).
23
67 + -45 + -7 - (-10 + 2)
23
What is the value of -2 - -10 - (0 - 3 - 30)?
41
What is the value of 7 + (-21 + 10 - (-5 + 8)) - 7?
-14
(-11 - -49) + (-11 - 12)
15
Evaluate 18 - (-124 + 46) - (-5 - -3 - (0 + -16)).
82
Calculate (191 - 270) + 226 + -96.
51
Calculate 26 + (12 + -61 - -17) + -3.
-9
Calculate -8 + (-1 + 6 + 7 - -2 - 2) + 86.
90
-38 + 42 - ((-8 - -53) + (10 - (3 - 1)))
-49
(-45 - -72 - 4) + -3 + (-4 - -1)
17
3 + 30 + (-5 - 25) + (-24 - (2 + -1))
-22
Evaluate 7 + (30 - (13 + -28 - (-12 - -3) - -7)).
36
What is the value of (0 - (79 + -1)) + -6884 + 6898?
-64
What is the value of (-2 - -1) + -2 + 29 + -2698 + 2689?
17
Calculate (69 - -19 - 33) + -33 - 89.
-67
What is the value of (-52 + 40 - (-2 - 54)) + (5 - 18)?
31
93 + -111 + 5 + -90 + -3 + 6
-100
What is the value of -31 + -8 + -5 + 43?
-1
Evaluate 41 + -15 + -24 - 6 - -19.
15
Calculate -9 + 133 + (34 - (51 + -17) - (14 + -1)).
111
Calculate (-1133 - -1137) + 44 + 1.
49
Evaluate 12 + (12 + 6 - 17 - 15) + 16 + -2.
12
18 + (1 + 7 - 49) - -38
15
Evaluate 1 + -8 - (-13 - (21 + (-40 - -18))).
5
What is the value of -49 - (-76 - -17) - 39?
-29
What is (-6 - 1 - (-35 - -41)) + 14 + -2?
-1
Calculate 14 + (13 + -5 - 13) + (24 - 19).
14
What is the value of 6955 + -6966 + (0 - -4 - (22 - 101))?
72
What is the value of 164 + -131 + -12 + (39 - 1)?
59
Evaluate 46 + (-32 - -1) - (-4 + 3 + -2).
18
What is the value of (-6 - (-5 + 13)) + (35 + -4 + -11 - -17)?
23
What is (-3 - 39) + (6 + -13 - (-3 + 2) - 6)?
-54
What is the value of -2 - -10 - (4 - (8 + 38 + -8))?
42
Evaluate 31 - 80 - -24 - (-1 - 6).
-18
Evaluate 14 + (16 - 108) + 6 + (0 - -5).
-67
What is 49 + (-35 - (-34 - -13)) + 8?
43
Evaluate (-17 - 